and z.
21
Suppose -3*v = 29 - 272. Suppose s - 18 = 3*w - 93, 3*s = 3*w - v. Let c be (-2)/8 - 245/(-20). What is the highest common divisor of c and w?
12
Suppose -2*t + 7*t - 10 = 0. Suppose -t*q = -2*x + 60, x + 3*q - 30 = q. What is the highest common divisor of x and 30?
30
Let d = 5 - 2. Let m be 0 - (-8)/d*3. What is the greatest common factor of m and 24?
8
Let p(x) = 2*x**2 + 1. Let i be p(1). Suppose -i*f + 6 = -12. Calculate the greatest common divisor of 42 and f.
6
Suppose 3*n = -5*p + 12 + 1, -2*p + 2*n + 2 = 0. Let s(g) = -2*g. Let t be s(-1). What is the highest common divisor of t and p?
2
Let v be 2/10 - 6/5. Let z be (7 + v + -2)/2. Let u be 7/5 - 2/5. Calculate the greatest common factor of z and u.
1
Let x be (216/(-16))/(6/(-8)). What is the highest common divisor of 2 and x?
2
Suppose 149 + 1 = 2*w. Let c be (w/10)/(6/16). What is the greatest common factor of 80 and c?
20
Let d(f) = -f**3 - 2*f**2 - 3*f - 3. Let c be d(-3). What is the greatest common divisor of 105 and c?
15
Suppose 0*g = -2*g + 180. Suppose y - 3*y + g = 0. Suppose -3*u - 2*p + y = 0, -2 - 13 = -u - p. What is the greatest common factor of u and 45?
15
Suppose -153 = -f - 5*n + 67, -2*n = 0. Let k be 63/3 + (-1)/1. What is the greatest common divisor of k and f?
20
Suppose -12 = -c - 3*a, -4*a = -2*c - 4 - 2. Let v = -36 - -69. Let r = -18 + v. What is the greatest common factor of r and c?
3
Let k(a) = -23*a - 3. Let j be k(-6). Suppose 2*s = -s + j. Calculate the highest common factor of 30 and s.
15
Let j be (-1 - 2)*(-4 + 3). Let g be 1/5 + (-2)/10. Suppose -5*k = 2*u - 52, g*u + 5*k - 68 = -j*u. Calculate the highest common factor of u and 40.
8
Let r be (-1)/((9/(-3))/84). What is the greatest common divisor of r and 308?
28
Let f be 198/(-55)*(-5)/2. Suppose 2*z = z + 80. Suppose f*m = 4*m + z. What is the highest common divisor of 112 and m?
16
Suppose s - 4*d = 8, 2*s + 2*d = -10 + 46. What is the highest common divisor of 40 and s?
8
Suppose -5*b + 4*m + 462 = 0, -3*b - 3*m = m - 258. Let y = -68 - -104. What is the highest common factor of b and y?
18
Let w(p) = -118*p. Let b be w(-2). Let u = b + -410. Let q be (-4)/18 - u/54. Calculate the greatest common divisor of 1 and q.
1
Suppose -8*h + 20 = 2*j - 4*h, -4*j = -h - 13. Suppose 0 - 5 = -j*a - 3*y, 10 = -2*y. What is the greatest common factor of a and 15?
5
Let q(z) be the third derivative of -z**6/120 + 7*z**5/30 + 11*z**4/24 + 4*z**3/3 - 3*z**2. Let b be q(14). Calculate the greatest common divisor of b and 27.
27
Let u be (-4)/(((-14)/4)/7). Suppose 0 = -j + 3, q = -3*q + j - 127. Let s = -11 - q. Calculate the highest common factor of u and s.
4
Let c be 20/2 - (3 - 7). Calculate the greatest common divisor of 42 and c.
14
Suppose 63 = y + 23. What is the highest common factor of y and 10?
10
Let i = 48 - 18. Let o be 2 + 11/(44/72). What is the highest common divisor of i and o?
10
Let b be (4 - (0 + 8)) + 18. Calculate the greatest common divisor of 70 and b.
14
Let r be (2 - 3)*-19 - 1. Calculate the highest common divisor of 9 and r.
9
Let j = -383 + 537. Suppose -40 = w - 3*w - 2*t, 0 = -4*w - 2*t + 84. What is the greatest common divisor of j and w?
22
Suppose 0 = -d + 18 + 22. Let j = -1 + 1. Suppose j = 4*f - 3*f - 16. Calculate the highest common divisor of d and f.
8
Let l be 3/(2 - -22) - 110/(-16). What is the greatest common factor of l and 49?
7
Let j = -80 - -39. Let x be (9/(-6))/(1/38). Let o = j - x. What is the highest common divisor of o and 4?
4
Let q be (-2)/6*-19 - (-7)/(-21). What is the highest common factor of 15 and q?
3
Suppose -2*a + 3*h = -388, 4*a - 2*h - 776 = -0*a. Let d be 18/(-27) - a/(-3). Calculate the greatest common divisor of 96 and d.
32
Suppose -4*y + 62 = -278. Let t(b) = -4*b - 2. Let d be t(-9). What is the highest common factor of d and y?
17
Let g(z) = z - 4. Let a be g(7). Calculate the highest common divisor of 6 and a.
3
Suppose 4*y - 2 = -3*r, -6 = -3*r - y - 2*y. Let z(b) = -1 - 3 - 1 + b + b**2. Let i be z(-5). What is the highest common factor of i and r?
3
Let t = -5 - -6. Let h = 3 - -1. Suppose -2*j = -4*j + h. Calculate the highest common divisor of j and t.
1
Let l(q) = 241*q**2 + 3*q + 2. Let c be l(-1). What is the highest common divisor of c and 30?
30
Let s = 2 + 0. Let b be -3 + 2 - (-15 + 1). Suppose 4*f + b - 5 = 0, f = t - 8. What is the highest common factor of t and s?
2
Let n = 4 - 3. What is the highest common factor of 1 and n?
1
Suppose 4*f = -3*n - 164, -4*f = -6 + 2. Let q = n - -125. Suppose -q = -s + 16. What is the greatest common factor of s and 17?
17
Suppose 15 = 4*j - 4*t - 5, 23 = 4*j - t. Suppose s + 105 = j*s. Suppose -4*x = -105 + s. What is the highest common factor of 63 and x?
21
Let h(f) = f + 2. Let k be h(2). Suppose 0 = k*o - 27 + 87. Let u = 34 + o. What is the highest common factor of 152 and u?
19
Let q = -13 - -19. What is the greatest common divisor of q and 66?
6
Let s = 152 + -102. Suppose -3*n - 27 = 51. Let b = n - -36. What is the highest common factor of s and b?
10
Let v(m) be the second derivative of -2*m**3/3 - 9*m**2/2 - 2*m. Let l be v(-6). What is the highest common divisor of 135 and l?
15
Suppose 7 = -d - 10*n + 5*n, -5*d - 3*n + 31 = 0. What is the highest common factor of d and 88?
8
Let z(u) = 5*u**3 + 2*u - 3. Suppose -q - 3*f + 4 = -3, 0 = -5*q + 3*f - 1. Let h be z(q). Calculate the greatest common factor of 1 and h.
1
Let j = -14 - -14. Suppose 2*u + j*u - 240 = 0. What is the highest common divisor of u and 15?
15
Suppose -3*h = -0*h - 51. Let f = 10 - 15. Let x be ((-255)/6)/f*10. Calculate the highest common divisor of h and x.
17
Let b = -153 + 189. What is the greatest common divisor of b and 54?
18
Suppose -4*g = o + 39 + 591, -3*o + 465 = -3*g. Let t = -97 - g. What is the highest common factor of t and 24?
12
Suppose 16*q + 470 = 1142. Calculate the greatest common divisor of 70 and q.
14
Let j = 6 + 0. Let s = 76 + -46. Let c = j + s. Calculate the greatest common divisor of c and 24.
12
Suppose 5*p = b + 182, -4*b - 6 = 2. Let v be (-1)/(-2)*(-188)/(-2). Suppose 11 = -3*n + v. Calculate the greatest common divisor of p and n.
12
Let w = -6 - -11. Suppose q = w*q - 192. What is the highest common divisor of q and 32?
16
Let i be 244/16 + 30/8 + -4. Calculate the greatest common divisor of 135 and i.
15
Suppose 5*j = -5*a + 10, j + 4 = a + 12. Let r = j - -5. What is the greatest common factor of r and 10?
10
Let u be 1 - (48/(-2) + 3). Let k be (u/2 - 0) + 2. What is the highest common factor of k and 52?
13
Suppose 0 = -15*n + 9*n + 492. Let u be (-48)/(-1*(3 - 2)). Suppose -w + u = 4*x - 44, -2*x = w - n. What is the highest common divisor of w and 9?
9
Let b = -13 - -8. Let y = -8 + 13. Let f = y - b. Calculate the highest common divisor of f and 25.
5
Let w(r) be the second derivative of -r**5/20 - r**4/2 - r**3/6 + 3*r**2/2 + 4*r. Let x be w(-6). What is the greatest common factor of x and 1?
1
Let z = 2 + 9. Suppose -i - 8 = -107. Calculate the greatest common factor of i and z.
11
Let q be (-14)/((-8)/(-4))*-4. Calculate the highest common factor of q and 4.
4
Suppose 3*n = -2*n + 20. Let c be 0 - -8 - (-2 - -2). What is the highest common factor of n and c?
4
Let o be 22 + 0 + -1 + 0. Suppose 4*n + 5 = o. Suppose 0*j + 3*j + 65 = 2*g, -j = n*g - 165. What is the greatest common factor of g and 8?
8
Let v(p) = -p**3 - 2*p**2 - 3*p - 1. Let y be v(-2). Suppose 2*l + 252 = 2*u, -l + y*l + 126 = u. What is the highest common divisor of u and 14?
14
Let q be 2/(3/(-5) + 1). Let a = 21 - q. Suppose -5*u = y - 930 + 205, -2*y = -4*u + 566. Calculate the greatest common factor of u and a.
16
Suppose -2*z = 46 + 8. Let r be (-2)/6 + (-1494)/z. What is the highest common divisor of r and 5?
5
Let o(j) = j + 8. Let w be o(8). What is the greatest common divisor of w and 8?
8
Let h = -4 + -6. Let r be 1554/35 - (-4)/h. Calculate the highest common divisor of r and 11.
11
Let t = -66 - -86. Calculate the greatest common factor of t and 20.
20
Let g(p) = -p**2 - 2*p + 9. Let y be g(0). What is the highest common factor of 9 and y?
9
Let x = 6 - -2. Let r = x + -7. Let q(c) = c**3 + 5*c**2 + 4*c + 1. Let t be q(-3). Calculate the highest common divisor of t 